e number?
True
Is 128593 a prime number?
False
Is 254729 prime?
True
Is 83831 a prime number?
False
Is 1387069 a composite number?
False
Is 96101 a prime number?
False
Is 3389 composite?
False
Is 2245083 a prime number?
False
Is 20701 a composite number?
True
Is 110689 prime?
False
Is 51383 a composite number?
False
Is 6337 a prime number?
True
Is 13901 composite?
False
Is 111659 prime?
True
Is 40603 composite?
True
Is 36059 a composite number?
True
Is 152239 a composite number?
False
Is 23147 prime?
False
Is 1137109 a composite number?
False
Is 141601 a prime number?
True
Is 23159 a composite number?
False
Is 4271 composite?
False
Is 4271 composite?
False
Is 319 a composite number?
True
Is 197339 composite?
False
Is 1859167 a prime number?
True
Is 23299 composite?
True
Is 758 a composite number?
True
Is 20581 composite?
True
Is 569567 a composite number?
True
Is 49559 a prime number?
True
Is 66791 composite?
False
Is 55741 composite?
True
Is 95683 prime?
False
Is 2280351 a prime number?
False
Is 29243 a prime number?
True
Is 23362 composite?
True
Is 3761 prime?
True
Is 30011 a prime number?
True
Is 7841 composite?
False
Is 3937 a prime number?
False
Is 114527 composite?
True
Is 1177351 a composite number?
True
Is 797 prime?
True
Is 1985495 composite?
True
Is 10895 a prime number?
False
Is 12449 composite?
True
Is 1476823 prime?
True
Is 3002491 a prime number?
True
Is 1061 composite?
False
Is 109567 a prime number?
True
Is 947239 prime?
True
Is 5545 a composite number?
True
Is 19105 prime?
False
Is 49363 prime?
True
Is 181397 a composite number?
False
Is 29242 a composite number?
True
Is 1512479 composite?
False
Is 4283 prime?
True
Is 13647 a prime number?
False
Is 531901 prime?
True
Is 223 prime?
True
Is 295726 prime?
False
Is 229727 a composite number?
False
Is 182773 a composite number?
False
Is 197283 prime?
False
Is 501742 composite?
True
Is 75593 a prime number?
False
Is 2293 a composite number?
False
Is 1759 prime?
True
Is 573119 a composite number?
False
Is 4265 composite?
True
Is 166099 prime?
True
Is 5953 composite?
False
Is 60547 a composite number?
True
Is 132781 prime?
False
Is 16273 composite?
False
Is 7841 composite?
False
Is 11829 a composite number?
True
Is 96153 a prime number?
False
Is 129683 a prime number?
False
Is 2891359 a composite number?
False
Is 68863 composite?
False
Is 16141 prime?
True
Is 65663 a composite number?
True
Is 40251 prime?
False
Is 20759 a composite number?
False
Is 590263 a prime number?
True
Is 1297861 a prime number?
False
Is 1643383 composite?
True
Is 1212449 prime?
False
Is 41761 prime?
True
Is 4211 a composite number?
False
Is 154369 composite?
False
Is 12713 a composite number?
False
Is 136573 composite?
False
Is 81967 a composite number?
False
Is 23099 prime?
True
Is 21631 a prime number?
False
Is 5039 composite?
False
Is 55379 a composite number?
True
Is 22339 composite?
True
Is 20459 composite?
True
Is 7051 composite?
True
Is 2999 prime?
True
Is 1210193 composite?
False
Is 3671 prime?
True
Is 29459 a prime number?
False
Is 4631 a composite number?
True
Is 226801 prime?
False
Is 9647 prime?
False
Is 7817 prime?
True
Is 785569 a prime number?
True
Is 224899 a prime number?
False
Is 25793 a composite number?
False
Is 40243 composite?
True
Is 1471 composite?
False
Is 1530071 prime?
True
Is 523 a prime number?
True
Is 11467 a prime number?
True
Is 151297 composite?
True
Is 19919 prime?
True
Is 116221 composite?
True
Is 305017 a composite number?
False
Is 2183 a prime number?
False
Is 88721 a composite number?
False
Is 2987 composite?
True
Is 6541 a prime number?
False
Is 21418 a composite number?
True
Is 1052609 a prime number?
True
Is 114547 a prime number?
True
Is 436217 prime?
True
Is 7509 a prime number?
False
Is 73813 composite?
True
Is 72809 a composite number?
True
Is 29111 composite?
True
Is 23015 a composite number?
True
Is 13313 a prime number?
True
Is 27397 a composite number?
False
Is 4063 prime?
False
Is 5437 composite?
False
Is 347938 prime?
False
Is 31701 composite?
True
Is 52433 a composite number?
False
Is 16721 a composite number?
True
Is 246651 composite?
True
Is 32471 a prime number?
False
Is 6373 composite?
False
Is 71737 prime?
False
Is 485 composite?
True
Is 146437 prime?
True
Is 212119 a composite number?
True
Is 2400917 a composite number?
False
Is 1350313 a composite number?
False
Is 5113 a composite number?
False
Is 3174707 a composite number?
False
Is 5273 a prime number?
True
Is 53681 a prime number?
True
Is 1018 a composite number?
True
Is 6941 prime?
False
Is 94929 a prime number?
False
Is 38069 composite?
False
Is 106226 a prime number?
False
Is 355061 composite?
True
Is 1991 a prime number?
False
Is 17891 prime?
True
Is 51383 a composite number?
False
Is 2653459 composite?
False
Is 47941 prime?
False
Is 980197 prime?
True
Is 72263 composite?
True
Is 1568449 a composite number?
False
Is 70529 a composite number?
False
Is 560827 composite?
False
Is 803683 prime?
False
Is 42589 a prime number?
True
Is 31918 a prime number?
False
Is 137653 a prime number?
True
Is 489179 prime?
True
Is 45841 composite?
False
Is 17657 composite?
False
Is 303529 a prime number?
True
Is 6106873 composite?
False
Is 1511 prime?
True
Is 542369 a prime number?
False
Is 97 a composite number?
False
Is 2161 prime?
True
Is 18695 prime?
False
Is 40447 prime?
False
Is 9521 a prime number?
True
Is 576721 a prime number?
True
Is 6491 composite?
False
Is 862 a composite number?
True
Is 1362089 composite?
False
Is 7391 a prime number?
False
Is 491551 composite?
True
Is 1099 composite?
True
Is 348583 prime?
True
Is 171141 a composite number?
True
Is 134269 composite?
False
Is 3821 composite?
False
Is 5941 prime?
False
Is 843155 a composite number?
True
Is 103451 a composite number?
False
Is 106687 a composite number?
True
Is 99865 a composite number?
True
Is 11599 a prime number?
False
Is 192367 composite?
True
Is 269513 composite?
False
Is 2003 a composite number?
False
Is 1665889 prime?
True
Is 9587 prime?
True
Is 78583 a composite number?
False
Is 193195 a composite number?
True
Is 2893 prime?
False
Is 160469 composite?
True
Is 1082 prime?
False
Is 24239 prime?
True
Is 1801 composite?
False
Is 1258811 a prime number?
True
Is 2518 a prime number?
False
Is 151213 a prime number?
True
Is 1363259 a prime number?
True
Is 298163 prime?
False
Is 14374 composite?
True
Is 7283 composite?
False
Is 719383 composite?
True
Is 8069 prime?
True
Is 48437 prime?
True
Is 27689 prime?
True
Is 663703 composite?
True
Is 9479 prime?
True
Is 1499 a composite number?
False
Is 9221 a prime number?
True
Is 7355 prime?
False
Is 3571423 composite?
False
Is 54865 a composite number?
True
Is 928093 a prime number?
False
Is 4321 composite?
True
Is 180023 composite?
False
Is 74341 a composite number?
True
Is 78959 a prime number?
False
Is 44461 composite?
True
Is 9091 a prime number?
True
Is 3299 composite?
False
Is 791 prime?
False
Is 37291 prime?
False
Is 107089 a composite number?
False
Is 1483186 a prime number?
False
Is 36187 a composite number?
False
Is 466261 composite?
False
Is 199 composite?
False
Is 3763 a prime number?
False
Is 1852951 prime?
True
Is 178021 a composite number?
False
Is 25969 a prime number?
True
Is 136055 a composite number?
True
Is 46677 composite?
True
Is 566347 prime?
True
Is 246317 composite?
False
Is 51943 composite?
True
Is 19487 a composite number?
True
Is 345011 prime?
True
Is 485069 prime?
False
Is 316363 prime?
True
Is 597469 a prime number?
False
Is 1945007 a composite number?
False
Is 2074559 prime?
False
Is 43451 a prime number?
True
Is 2605 composite?
True
Is 9973 a composite number?
False
Is 21139 a composite number?
False
Is 128937 prime?
False
Is 43163 prime?
False
Is 320217 a composite number?
True
Is 292067 a composite number?
True
Is 210347 composite?
False
Is 118343 composite?
False
Is 96639 a prime number?
False
Is 1000151 a composite number?
False
Is 282223 prime?
False
Is 49729 a composite number?
True
Is 6433 prime?
False
Is 303 composite?
True
Is 748921 prime?
True
Is 15833 composite?
True
Is 583 prime?
False
Is 20051 a composite number?
False
Is 1754407 prime?
True
Is 12979 composite?
False
Is 603219 composite?
True
Is 422339 a composite number?
False
Is 31693 a composite 